der when f is divided by 26.
23
Suppose 0 = -4*k + 3*z + 1037, 188 = 4*k + 2*z - 854. Suppose 1275 = 29*g + k. Calculate the remainder when g is divided by 18*1*1/2.
8
Let t(f) be the first derivative of -10 + 5/3*f**3 + 2*f**2 + 0*f. Calculate the remainder when t(-3) is divided by 12.
9
Let k(y) = -y + 8. Let w be k(6). Let m be (8 + (-18)/6)*30/50. Suppose l - 2*b = w + 7, 0 = 4*l + m*b - 25. Calculate the remainder when 10 is divided by l.
3
Suppose 3*n + 662 = 5*u, 0 = 63*u - 61*u - 4*n - 262. What is the remainder when u is divided by 65?
3
Let x(m) = -m**3 - 101*m**2 - 982*m + 4. What is the remainder when x(-10) is divided by 698?
26
Let k be 12/((-5)/(105/(-2))). Let j = k - 110. Suppose 3*q + 5*b - 25 = 0, -2*q + 5 = -4*b - 19. Calculate the remainder when j is divided by q.
6
Let j = 2968 + -2897. Calculate the remainder when 29959 is divided by j.
68
Suppose 5*w = -4*u + 69, 4*w - 5 = -5*u + 43. Suppose -348 + 1555 = w*b. What is the remainder when b is divided by 13?
6
Suppose 5*l - t - 568 = 0, -4*l - 8*t = -6*t - 446. Calculate the remainder when l is divided by 21.
8
Let k(x) = 2*x**3 + 2*x**2 - 2*x - 1. Let i be k(1). What is the remainder when 128 is divided by i - (6 - 14) - -2?
7
Suppose 5*p + 7*p + 14*p - 11440 = 0. Calculate the remainder when 893 is divided by p.
13
Suppose -5519 = -50*k - 2169. Suppose 8 = -5*c - 5*h - 12, -3*c + 5*h - 52 = 0. Let f = c + 32. Calculate the remainder when k is divided by f.
21
Let v(d) = 3*d - 7. Suppose -29*o + 24*o = -815. Let t = -142 + o. What is the remainder when t is divided by v(5)?
5
Let l(u) = 2*u**2 - 2*u**2 - 10 + 12*u + u**2 - 5*u. Suppose -18 + 413 = 5*y. Calculate the remainder when y is divided by l(-10).
19
Suppose -11*r - 32 = -19*r. Let t(i) = -i**2 + 37*i - 117. Calculate the remainder when 342 is divided by t(r).
12
Let a(s) = s**3 - 35*s**2 + 34*s + 5. Let g be a(34). Suppose -g*f + k + 3*k + 19 = 0, 2*f - 2 = 3*k. Calculate the remainder when 151 is divided by f.
4
Suppose 0 = 15*s - 22*s - 63. Let c(a) = -a**3 - 10*a**2 - 11*a + 5. Let m(t) = -t**3 + 9*t**2 + 10*t + 1. What is the remainder when m(9) is divided by c(s)?
22
Let l(f) = -9*f + 11. Let v be (8/(-24))/((-1)/(-9)). Calculate the remainder when 187 is divided by l(v).
35
Let a(q) = -28*q - 31 + q**2 - 9*q - 10*q. Calculate the remainder when a(51) is divided by 22.
19
Let t(f) = -90*f + 1102. Calculate the remainder when 24 is divided by t(12).
2
Let u be ((-48)/(-16))/(2 + -1). Suppose 0 = -i + 3, -309 = w - 6*w - u*i. Calculate the remainder when 170 is divided by w.
50
Suppose -281*z - 107614 = -307*z - 26546. Calculate the remainder when z is divided by 120.
118
What is the remainder when ((-98)/(-196))/(2/2284) is divided by 288?
283
Let u = 69 - -47. Let d = 546 - 506. Calculate the remainder when u is divided by d.
36
Let h(m) = 3*m - 9. Let f be h(5). Suppose -2*b - 4*n = -2*n - f, -n + 7 = -b. What is the remainder when 1/b - (-273)/26 is divided by 6?
4
Suppose 8*n - 3*n + 40 = 0. Let x = 542 - 503. Let u = x - n. Calculate the remainder when u is divided by 12.
11
Let m = -26 - -29. Suppose -14 = -w - 2*g, m*w - 3*g = -2*w + 70. Let d = 37 - w. What is the remainder when 63 is divided by d?
17
Let u = 284 - 157. Calculate the remainder when u is divided by 39.
10
Suppose q + 5*f - 471 = 201, 0 = 2*q - 5*f - 1299. What is the remainder when q is divided by 252?
153
What is the remainder when 1386 is divided by 28/(-18)*(-99 + 63)?
42
Let l = 9664 - 9371. Calculate the remainder when l is divided by 56.
13
Suppose -3178 = -131*x - 116*x + 20*x. What is the remainder when 1775 is divided by x?
11
Suppose 173*u - 137*u - 22032 = 0. Calculate the remainder when u is divided by 2.
0
Suppose -2*x = 5*c - 3*c + 896, c + 5*x + 436 = 0. Let i = c - -485. Suppose b = 3*b - 266. Calculate the remainder when b is divided by i.
31
Let q be (-102)/(-9)*378/28. Suppose -10*w = -5*o - 12*w + q, 2*o = w + 54. What is the remainder when 115 is divided by o?
28
Let h(k) = 14*k**2 + 6*k + 2. Suppose -5*c = -4*a + 263, -4*c - 5*a - 250 = -15. Let x be (-65)/c - 3 - 2/11. What is the remainder when h(x) is divided by 25?
21
Suppose 10918 = 62*c - 14998. What is the remainder when c is divided by 79?
23
Suppose 4*t = -3*g + 368, -101*t = -107*t + 3*g + 522. What is the remainder when 447 is divided by t?
2
Let y(g) = -g**2 + 53. Let x = 1 + -1. Suppose -142*c + 512*c - 129*c - 3374 = 0. Calculate the remainder when y(x) is divided by c.
11
Let r = 2833 - 2823. Calculate the remainder when 4929 is divided by r.
9
Suppose -4*k - 2*u = -348, 3*k = -4*u + 283 - 32. What is the remainder when 168 is divided by k?
79
Let o(q) = 12*q - 15. Suppose 0 = -4*m + 3*m + 10. Suppose -12*w = -m*w - 8. What is the remainder when o(w) is divided by 18?
15
Let t = 146 - 138. What is the remainder when (-4)/(-10) + (-586)/(-10) is divided by t?
3
Let k = -9208 - -9218. What is the remainder when 23 is divided by k?
3
Calculate the remainder when 2*80/(-32) - -376 is divided by 191.
180
Let l(d) = d**3 + 9*d**2 - 90*d - 783. What is the remainder when 171 is divided by l(-9)?
9
Let p(h) = h**2 - 12*h + 61. Let k be p(11). Suppose k = 2*n + 3*s, 2*n - 14 = 2*s + 36. Calculate the remainder when 93 is divided by n.
18
Suppose 4*t - 4*j - 392 = -192, 0 = t + 2*j - 56. What is the remainder when 312 is divided by t?
0
What is the remainder when 2651 is divided by 1 - (13 + -17)/(236/58 - 4)?
55
Let t be (-2 - -44 - 2)*(-84)/(-8). What is the remainder when 74 is divided by 40/(-220) - (t/(-11) + 0)?
36
Let l(b) = -b**2 - 20*b + 2. Calculate the remainder when (-2556)/(-21) - ((-76)/(-28) - 3) is divided by l(-19).
17
Let v(g) = -2*g**2 + 14*g + 5. Let m be v(7). Suppose -4*s - m*f - 119 + 540 = 0, 5*s = 3*f + 480. Calculate the remainder when s is divided by 21.
15
Let t be -1 + 1 - 1 - (-782 - -271). Suppose 2*u + 3*l = 200, -5*u + 0*l + t = 5*l. What is the remainder when u is divided by 36?
34
Let x = -111 - -292. Calculate the remainder when 1085 is divided by x.
180
Let t(w) = 6*w + 51. Let u be t(-8). Suppose 4*f + 4*s = -0*f + 4, 0 = -2*f - u*s. Calculate the remainder when 76 is divided by f.
1
Let w = 12361 - 12229. Let b(y) = -17*y. Calculate the remainder when w is divided by b(-4).
64
Suppose -105 = -0*u - 5*u. What is the remainder when 55 - -8 - (-114 + -430) is divided by u?
19
Let n = -81357 + 81362. Let t = -4 - -4. Suppose -f + 13 + 40 = t. What is the remainder when f is divided by n?
3
What is the remainder when ((-144)/56)/(2/392*-6) is divided by 49?
35
Suppose -21*o - 15884 = -225*o + 2680. Calculate the remainder when 239 is divided by o.
57
Let h = 307 + -181. Let j be 30/((27/(-6))/(-3)). What is the remainder when h is divided by 0 + (-422)/(-10) - (-16)/j?
40
Suppose -204881 = 62*x + 395775. What is the remainder when x/(-19) - (-36)/342 is divided by 32?
30
Let f = 16 - 13. Calculate the remainder when 222/(-148)*(1 + 1)*-1 is divided by 9/6 - f/(-6).
1
Calculate the remainder when ((-276)/(-3174) - 188/46) + 2390 is divided by 196.
34
Let n = 53 + -50. Suppose n*c + 45 = -0*c + 3*l, 5*c - 2*l + 60 = 0. What is the remainder when (-396)/c + (-9)/15 is divided by 8?
7
Suppose -5*f = 3*i - 590, 3*f + 172 = 2*i - 215. What is the remainder when 1238 is divided by i?
68
Suppose -5*p + 0*p = -4*f + 92, 0 = p - 4. Suppose 72*q + 27 = 73*q - m, -8 = q + 4*m. Calculate the remainder when f is divided by q.
8
Let v = 111 - 155. Let a = v + 32. What is the remainder when 8 is divided by a/(-8)*((-56)/(-12) - 0)?
1
Let p = 2732 + -2558. What is the remainder when p is divided by 16?
14
Let i be (6 - 3)*344/(-12). Let t = i + 158. Calculate the remainder when t is divided by 16.
8
Suppose 19*n + 5177 = 26818. Suppose -n + 5 = -14*v. What is the remainder when v is divided by 74?
7
Let a(b) = -60 + 55 + 2*b**3 - 3*b**3. Let x be a(0). What is the remainder when 26 is divided by 35/x + 4 + (-10)/(-1)?
5
Let h = 24 - 14. Suppose -4*o + 1372 = -5*q, -76*q + o = -80*q - 1085. Let w = -235 - q. What is the remainder when w is divided by h?
7
Let o(s) = s**3 - 7*s**2 - 5*s + 45. Let h be o(7). Suppose -66 = -4*y + h. Suppose -75 = -w - 0*w. Calculate the remainder when w is divided by y.
18
Let l(s) = -s**3 - s**2 + 2*s + 50.